1427. Suppose 3*d = 5*j + m, -3*j = -4*d - d + 287. What is the remainder when d is divided by -1 + 1 + (12 - -3)?
13
Let p = 9 + -3. Let t be (-8)/8*1 - (-40)/1. Suppose 41*r - t*r = 8. Calculate the remainder when p is divided by r.
2
Let i = -849 - -1319. Suppose 5*w = -0*w + i. Suppose -85*y = -705 - 1335. What is the remainder when w is divided by y?
22
Suppose 3*w - 3 - 51 = 0. Suppose 5*v = 42 + w. Suppose 0 = -10*k + 14*k - v. Calculate the remainder when 4 is divided by k.
1
Let p = 63 + -46. What is the remainder when 25 is divided by p?
8
Let y = -5508 - -5554. Let r(s) = 3*s**2 + 1. Calculate the remainder when y is divided by r(-2).
7
Let g(r) = r**2 - r + 3. Calculate the remainder when 3 + 57/(-21) + 0 + 56027/1253 is divided by g(-4).
22
Let u = 1578 - 1539. Calculate the remainder when 232 is divided by u.
37
Let y(j) = j**2 - 4*j - 6. Let m be y(8). Suppose -m + 8 = -3*b. Suppose -4 + b = r. What is the remainder when 6 is divided by r?
0
Let z = -15 + 44. Calculate the remainder when z is divided by 3/9*192/4.
13
Let y be (3 + 15/(-6))*0. Let j be 3 + -3 + y - -152. Let a = -95 + j. What is the remainder when a is divided by 15?
12
Suppose 0 = 4*w + z + 2*z - 126, 3*z + 72 = 2*w. Calculate the remainder when w is divided by 1/10 + 69/10.
5
Let z = -32 - -44. What is the remainder when 90 is divided by z?
6
What is the remainder when 6*(-1)/(4/(-50)) is divided by 57*(4 - -1)/15?
18
Suppose 186 = 4*w + 3*a, 0 = a + 3*a + 8. Calculate the remainder when w is divided by 9.
3
Calculate the remainder when 508 is divided by 28118/272 - 1/16*6.
96
Suppose 0 = 2*t + 14*t - 224. What is the remainder when 1287 is divided by t?
13
Suppose -5*k + 265 = -0*k. What is the remainder when k is divided by 2 + -3 - (-30)/5?
3
Let k(x) = x**3 + 5*x**2 - x + 4. Suppose 19*o - 10*o + 36 = 0. Let f(a) = -2*a + 6. What is the remainder when k(-4) is divided by f(o)?
10
Let a(x) = -x**2 - 11*x + 26. Calculate the remainder when 95 is divided by a(-12).
11
Let x(s) = -7*s + 5. Let z be 1 + 2 + (30 - -5). Calculate the remainder when z + -1*(2 + 0) is divided by x(-2).
17
Let j = 686 + -623. What is the remainder when j is divided by 32?
31
Let p be (-1338)/(-18) + 2/3. Calculate the remainder when p/10*6/15 is divided by 3.
0
Let a = -219 - -226. Calculate the remainder when 88 is divided by a.
4
Suppose -2*y - 1856 - 1003 = 5*j, 2*j + 1134 = -4*y. What is the remainder when 125 is divided by j/(-18) - 6/(-36)?
29
What is the remainder when 82 + 3*4/12 is divided by 21?
20
Let j(q) = -7*q**2 - 28*q - 2. Calculate the remainder when j(-2) is divided by 9.
8
Let h = -1376 - -1415. Calculate the remainder when 88 is divided by h.
10
Let d(l) = 6*l**2 + 4*l - 87. Calculate the remainder when d(7) is divided by 60.
55
Suppose 4*z = -z - 105. Let h = 72 - 42. Calculate the remainder when h is divided by 4 + z/((-12)/4).
8
Let m(r) = r**2 - 28*r + 64. What is the remainder when 16 is divided by m(26)?
4
Let f(n) = -21*n**3 + 2*n**2 + 3*n + 2. Let a be f(-1). Suppose x = -p + a, 0*p + p + 2*x = 24. Calculate the remainder when 59 is divided by p.
19
Suppose 0 = -4*l + 2*u + 58 - 8, -3*l = -4*u - 30. What is the remainder when (20 - -75)*(1 + -1 - -1) is divided by l?
11
Let a(r) = 11*r + 742. What is the remainder when 7 is divided by a(-67)?
2
Suppose -3*s = -4*s. Let n = s - -8. Let y(p) = -p**2 + 14*p - 2. What is the remainder when y(11) is divided by n?
7
Let n(z) = -z + 9. Suppose 2*j + 4*a = -10, a - 8 = 4*j + 21. What is the remainder when 31 is divided by n(j)?
15
Let c = 305 - 247. What is the remainder when 225 is divided by c?
51
What is the remainder when 12/(19/(-22) + 1) is divided by 7?
4
Let y = 35 - 32. Suppose -q - y*r = -43, 0 = -5*q + 4*r + 128 + 68. Calculate the remainder when q is divided by 14.
12
Let y(s) = -9*s - 8. Let v be y(-13). Let u = 136 - v. Calculate the remainder when u is divided by 5.
2
Let a(o) = -10*o - 19. Let f = 15 + -22. Calculate the remainder when a(f) is divided by 9.
6
Let r = -38 + 35. Calculate the remainder when (r - 27)*(-16)/10 is divided by 17.
14
Let m be (-36)/(-6) + (4/(-2) - 1). What is the remainder when 1/m - 732/(-18) is divided by 7?
6
Suppose 740 + 994 = 34*c. Calculate the remainder when (-598)/(-6) + (-10)/15 is divided by c.
48
Let o(n) = 6*n - 53. What is the remainder when 8 is divided by o(9)?
0
Let d(j) = 3*j - 1. Let q be d(2). Suppose v - 10 = -q. Suppose 2*i + 105 = v*z, 4*z + 0*z - 2*i = 86. Calculate the remainder when z is divided by 11.
8
Suppose 52*q - 65*q + 416 = 0. What is the remainder when 66 is divided by q?
2
Suppose -26*x - 88 = -452. Calculate the remainder when 24 is divided by x.
10
Let k = -17 + 19. Suppose k*b = 4*r - 5*r + 45, b - 10 = 2*r. Calculate the remainder when 81 is divided by (16/b)/(2/70).
25
Suppose 2*d - 97 = 43. Suppose 2*x = -4*r + 18, -4*r = x - 19 - 2. Suppose 0 = -r*y + y + d. What is the remainder when 27 is divided by y?
13
Suppose 67 + 5 = -8*q. What is the remainder when 3 - (-4017)/27 - 2/q is divided by 31?
28
Let o = -1220 + 1236. What is the remainder when 42 is divided by o?
10
Suppose -4*n - 41 = -5*c, 0 = -2*n - c - 0 - 3. Let p = -1 - n. Let x(a) = -a + 50. Calculate the remainder when x(47) is divided by p.
0
Let a be -16*(7/14)/(0 + -1). Suppose 6*b + 14 = a*b. What is the remainder when b is divided by 5?
2
Let z = 55 - 36. Suppose -4*c - 9 = 5*q, 0 = 2*c - 3*q - 21 - 2. Suppose 5*l - 18 = -c*k + z, -5*k = l - 20. Calculate the remainder when 14 is divided by l.
4
Let r be 47 - 0 - 18/(-6). Suppose k - 4*k + 42 = 4*p, 5*k = -5*p + r. Calculate the remainder when 105 is divided by p.
9
Suppose 2439 = 3*o + 69*o - 1449. Let g be (-4)/18 - (-60)/27. Suppose 0 = -g*b + 23 + 33. Calculate the remainder when o is divided by b.
26
Let m(l) = -2*l**3 - 3*l**2 - 4*l - 6. Let z be m(-4). Suppose 0 = 5*y + z + 40. Calculate the remainder when 8 is divided by (-11)/(-2) - (-13)/y.
3
Suppose -118*f + 19*f + 41481 = 0. Calculate the remainder when f is divided by 84.
83
Suppose -70*z + 59*z = -33. Let k(i) = 0*i**2 - 3*i**2 - 2*i**3 + 6*i**3 - 3*i. Calculate the remainder when k(z) is divided by 15.
12
Let v be 3 + 10/15*3. Suppose 0 = 3*q + j - 23 - 40, 0 = -v*q - 3*j + 109. Calculate the remainder when 78 is divided by q.
18
Let j(m) be the second derivative of -m**3/3 + 19*m**2/2 - 9*m. Calculate the remainder when 2 is divided by j(9).
0
Suppose 3*p = -3*k + 87, k = 2*p + 2 + 24. What is the remainder when 194 is divided by k?
26
Let b = 55 + -15. Suppose -m = 6 - b. What is the remainder when m is divided by 4?
2
Let r = -2569 + 2591. What is the remainder when 63 is divided by r?
19
Calculate the remainder when 342 is divided by -12 - -5 - 70*(-6 - -5).
27
Let s = 121 - 137. Let w(g) = -g + 27. What is the remainder when w(s) is divided by 8?
3
Let h be (0 - -96)/((-9)/(-6)). Suppose -6*v = -10*v + h. Calculate the remainder when 31 is divided by v.
15
Let y = 107 + -104. Suppose -f + 720 = y*f. Calculate the remainder when f is divided by 14.
12
Suppose 0*z - 30 = -6*z. Let o = 31 + z. What is the remainder when o is divided by 19?
17
Let m(s) = s**3 + 9*s**2 + 6*s - 7. Let w(h) = h**3 - 6*h**2 - 9*h + 6. Let q be w(7). Calculate the remainder when 24 is divided by m(q).
6
Let r = -52 + 121. Let k(v) = -4*v**2 - 87*v + 32. What is the remainder when r is divided by k(-22)?
9
Suppose -3*d - 1031 - 439 = -3*w, w = 4*d + 496. Calculate the remainder when w is divided by 49.
47
Let i = -94 + 141. Calculate the remainder when i is divided by 44.
3
Let i(x) = 4*x**2 + 22*x + 49. What is the remainder when 439 is divided by i(-2)?
19
Let y(j) = -j**2 + 18*j - 35. Let l be (1/3)/((-9)/27)*-15. Calculate the remainder when 28 is divided by y(l).
8
Let b(v) = -3*v**3 - v**2 + 2*v + 1. Let c be b(-2). Let l = c - 12. Suppose -6 = r - 3*k, 9*r = 4*r + l*k + 20. What is the remainder when 17 is divided by r?
8
Let u(o) = -10 + 103*o - 113*o + o**2 - 2*o**2. Let r be u(-6). Suppose -4*k = r - 62. What is the remainder when 58 is divided by k?
10
Let t = 690 - 622. What is the remainder when t is divided by 11?
2
Suppose 9*u - 20 = 4*u. Suppose u*p - 103 = 173. Calculate the remainder when p is divided by 24.
21
Let h be (16/8)/((-2)/(-8)). Let z = 